{"id":68,"date":"2022-05-22T14:39:50","date_gmt":"2022-05-22T12:39:50","guid":{"rendered":"http:\/\/nolegends.de\/kiju\/?page_id=68"},"modified":"2022-07-25T12:14:23","modified_gmt":"2022-07-25T10:14:23","slug":"supervision-2","status":"publish","type":"page","link":"https:\/\/nolegends.de\/kiju\/supervision-2\/","title":{"rendered":"Supervision"},"content":{"rendered":"\n<p class=\"has-text-align-left has-vivid-cyan-blue-color has-text-color\">Supervision, hei\u00dft gemeinsam sich auf die Suche zu begeben, Strukturen zu erkennen, wertfrei und wertsch\u00e4tzend miteinander in den Prozess zu gehen. Die Supervision hat das Ziel Ihre pers\u00f6nlichen, sozialen und professionellen Kompetenzen zu erweitern. Hierbei werden Sie unterst\u00fctzt vor dem Hintergrund ihres beruflichen Aufgaben- und Wirkungsfeldes das eigene professionelle Handeln zu reflektieren.<\/p>\n\n\n\n<p><strong>Fallsupervision<\/strong><\/p>\n\n\n\n<p class=\"has-vivid-cyan-blue-color has-text-color\">In vielen Berufen sichern Fallsupervisionen die Qualit\u00e4t der t\u00e4glichen Arbeit. Sie helfen, Probleme zu \u00fcberwinden, L\u00f6sungen zu finden und die Zufriedenheit aller Beteiligten zu erh\u00f6hen. Die Fallsupervision richtet sich an Fachkr\u00e4fte der Kinder- und Jugendhilfe, Sozialp\u00e4dagog*innen, Erzieher*innen und Lehrer*innen. Hierbei biete ich Teams oder Einzelpersonen im Rahmen der Fallsupervision eine qualifizierte Reflexion Ihrer Fallkonstellationen an. <\/p>\n\n\n\n<p class=\"has-vivid-cyan-blue-color has-text-color\">In diesem Bereich hat sich die Metaanalyse (Fallproblematik\/L\u00f6sungsversuch des Klienten im Sinne der Verhaltenstherapie) bew\u00e4hrt. Hierbei wollen wir gemeinsam bezogen auf die Fallproblematik bzw. -dynamik ein L\u00f6sungsversuch des Klienten nachvollziehen k\u00f6nnen. Somit wird aus einem unverst\u00e4ndlich erscheinenden Fall ein Gesamtverst\u00e4ndnis erarbeitet, so dass man sich wieder als handlungsf\u00e4hig und kompetent erlebt. <\/p>\n\n\n\n<p><strong>Gruppensupervision<\/strong><\/p>\n\n\n\n<p class=\"has-vivid-cyan-blue-color has-text-color\">Eine Gruppensupervision erm\u00f6glicht Fachkr\u00e4ften, vorteilhaft in \u00e4hnlichen Arbeitsfeldern t\u00e4tig zu sein, die gemeinsame Reflexion ihrer Arbeitssituation. Hierbei k\u00f6nnen auch die Gruppenmitglieder bei verschiedenen Arbeitgebern angestellt oder selbstst\u00e4ndig arbeitend sein. Teilnehmer einer Gruppensupervision k\u00f6nnen von den Reflektionen und multidimensionalen Perspektiven der Supervisionsgruppe sch\u00f6pfen. In einer Supervisionssitzung stellt ein Teilnehmer einen Fall vor oder schildert eine Arbeitssituation, die er mit einer eigenen Fragestellung vortr\u00e4gt.<\/p>\n\n\n\n<p class=\"has-vivid-cyan-blue-color has-text-color\">Die Gruppenmitglieder bereichern die Sicht des Einzelnen durch ihre Ideen und Assoziationen. Durch diesen in Gang gebrachten Prozess, entwickeln sich zeitgleich neue und andere Sichtweisen.<\/p>\n\n\n\n<p><strong>Supervision kann sowohl in Ihren R\u00e4umlichkeiten oder in den Bezirken Neuk\u00f6lln und Wilmersdorf bei Meeet &#8211; stattfinden. <\/strong><\/p>\n\n\n\n<p>Meeet &#8211; Neuk\u00f6lln<br>Mahlower Str. 24<br>12049 Berlin<\/p>\n\n\n\n<p>Meeet &#8211; West<br>Konstanzer Str. 15A<br>10707 Berlin Wilmersdorf<\/p>\n","protected":false},"excerpt":{"rendered":"<p>Supervision, hei\u00dft gemeinsam sich auf die Suche zu begeben, Strukturen zu erkennen, wertfrei und wertsch\u00e4tzend miteinander in den Prozess zu gehen. Die Supervision hat das Ziel Ihre pers\u00f6nlichen, sozialen und professionellen Kompetenzen zu erweitern. Hierbei werden Sie unterst\u00fctzt vor dem Hintergrund ihres beruflichen Aufgaben- und Wirkungsfeldes das eigene professionelle Handeln zu reflektieren. Fallsupervision In vielen &hellip;<\/p>\n<p class=\"read-more\"> <a class=\"\" href=\"https:\/\/nolegends.de\/kiju\/supervision-2\/\"> <span class=\"screen-reader-text\">Supervision<\/span> Weiterlesen &raquo;<\/a><\/p>\n","protected":false},"author":1,"featured_media":0,"parent":0,"menu_order":0,"comment_status":"closed","ping_status":"closed","template":"","meta":{"_monsterinsights_skip_tracking":false,"_monsterinsights_sitenote_active":false,"_monsterinsights_sitenote_note":"","_monsterinsights_sitenote_category":0,"site-sidebar-layout":"right-sidebar","site-content-layout":"boxed-container","ast-global-header-display":"","ast-main-header-display":"","ast-hfb-above-header-display":"","ast-hfb-below-header-display":"","ast-hfb-mobile-header-display":"","site-post-title":"","ast-breadcrumbs-content":"","ast-featured-img":"","footer-sml-layout":"","theme-transparent-header-meta":"default","adv-header-id-meta":"","stick-header-meta":"","header-above-stick-meta":"","header-main-stick-meta":"","header-below-stick-meta":"","footnotes":""},"class_list":["post-68","page","type-page","status-publish","hentry"],"_links":{"self":[{"href":"https:\/\/nolegends.de\/kiju\/wp-json\/wp\/v2\/pages\/68","targetHints":{"allow":["GET"]}}],"collection":[{"href":"https:\/\/nolegends.de\/kiju\/wp-json\/wp\/v2\/pages"}],"about":[{"href":"https:\/\/nolegends.de\/kiju\/wp-json\/wp\/v2\/types\/page"}],"author":[{"embeddable":true,"href":"https:\/\/nolegends.de\/kiju\/wp-json\/wp\/v2\/users\/1"}],"replies":[{"embeddable":true,"href":"https:\/\/nolegends.de\/kiju\/wp-json\/wp\/v2\/comments?post=68"}],"version-history":[{"count":13,"href":"https:\/\/nolegends.de\/kiju\/wp-json\/wp\/v2\/pages\/68\/revisions"}],"predecessor-version":[{"id":329,"href":"https:\/\/nolegends.de\/kiju\/wp-json\/wp\/v2\/pages\/68\/revisions\/329"}],"wp:attachment":[{"href":"https:\/\/nolegends.de\/kiju\/wp-json\/wp\/v2\/media?parent=68"}],"curies":[{"name":"wp","href":"https:\/\/api.w.org\/{rel}","templated":true}]}}