{"id":14,"date":"2022-05-21T16:26:37","date_gmt":"2022-05-21T14:26:37","guid":{"rendered":"http:\/\/nolegends.de\/kiju\/?page_id=14"},"modified":"2022-07-11T16:36:23","modified_gmt":"2022-07-11T14:36:23","slug":"kosten","status":"publish","type":"page","link":"https:\/\/nolegends.de\/kiju\/kosten\/","title":{"rendered":"Kosten"},"content":{"rendered":"\n<p class=\"has-ast-global-color-0-color has-text-color\"><strong>Wer \u00fcbernimmt die Kosten einer psychotherapeutischen Behandlung?<\/strong>&nbsp;<\/p>\n\n\n\n<p class=\"has-vivid-cyan-blue-color has-text-color\">Als Verhaltenstherapeutin bin ich gesetzlich verpflichtet innerhalb meines therapeutischen Behandlungsangebotes nach der offiziellen Geb\u00fchrenordnung f\u00fcr Psychotherapeuten (GOP) abzurechnen.&nbsp;<\/p>\n\n\n\n<p class=\"has-ast-global-color-0-color has-text-color\"><strong>Privatversicherte \/ Beihilfeberechtigte:<\/strong>&nbsp;<\/p>\n\n\n\n<p class=\"has-vivid-cyan-blue-color has-text-color\">Die Beihilfe sowie die \u00fcberwiegende Anzahl der privaten Krankenversicherungstr\u00e4ger erstatten die Kosten f\u00fcr die Diagnostik als auch die psychotherapeutische Behandlung. In der Regel wird nach den probatorischen Sitzungen (Probesitzungen), ein Antrag auf Kosten\u00fcbernahme bei dem Versicherungstr\u00e4ger gestellt. Hierzu erstelle ich einen Bericht an den Gutachter f\u00fcr Psychotherapie der Privat- oder Beihilfeversicherung. Die Anzahl der Therapiesitzungen ist abh\u00e4ngig von den Versicherungsbedingungen Ihrer Krankenkasse. Aufgrund der unterschiedlichen Vertragsbedingungen ist es meist sinnvoll diese vor Behandlungsbeginn n\u00e4her zu erfragen.<\/p>\n\n\n\n<p class=\"has-ast-global-color-0-color has-text-color\"><strong>Selbstzahler:<\/strong>&nbsp;<\/p>\n\n\n\n<p class=\"has-vivid-cyan-blue-color has-text-color\">Es besteht grunds\u00e4tzlich die M\u00f6glichkeit eine Psychotherapie privat zu bezahlen. In diesem Fall m\u00fcssen Sie sich um keine Formalit\u00e4ten k\u00fcmmern und die Behandlung kann ohne Wartezeit beginnen. Die Kosten richten sich hierbei nach der offiziellen Geb\u00fchrenordnung f\u00fcr Psychotherapeuten (GOP). Eine Behandlung bleibt bei Selbstzahlern Privatsache, was bedeutet, dass keine Informationen an einen Versicherungstr\u00e4ger weitergeleitet werden. Hierdurch entstehen dem jugendlichen Patienten bzw. jungen Erwachsenen keine Nachteile hinsichtlich der sp\u00e4teren Berufswahl.&nbsp;<\/p>\n\n\n\n<p class=\"has-ast-global-color-0-color has-text-color\"><strong>Gesetzlich Versicherte Patienten:<\/strong>&nbsp;<\/p>\n\n\n\n<p class=\"has-vivid-cyan-blue-color has-text-color\">Als gesetzlich Versicherte haben Sie in Privatpraxen die M\u00f6glichkeit \u00fcber das Kostenerstattungsverfahren, die \u00dcbernahme der Therapiekosten bei ihrer Krankenversicherung zu beantragen. Entgegen den Aussagen mancher Krankenkassen ist dies nach wie vor ihr geltender Rechtsanspruch. Da seit vielen Jahren zu wenige Kassenzulassungen vergeben werden, weil von einer \u201c\u00dcberversorgung der Bev\u00f6lkerung\u201d ausgegangen wird, bekommen qualifizierte Psychotherapeuten keine Zulassung als kassen\u00e4rztliche Praxis. Die Wartezeiten auf eine Psychotherapie bei einem Psychotherapeuten mit Kassenzulassung betragen meist bis zu einem Jahr. Laut Rechtsprechung darf die zumutbare Wartezeit auf einen Therapieplatz jedoch maximal 6 Wochen (im Einzelfall 3 Monate) betragen. Bei 3-5 erfolglosen Anbahnungsversuchen einer Psychotherapie innerhalb dieser Frist und in angemessener Entfernung vom Wohnort, haben Sie einen gesetzlichen Anspruch auf Kostenerstattung nach \u00a7 13, Abs. 3. SGB V.&nbsp;<\/p>\n\n\n\n<p class=\"has-vivid-cyan-blue-color has-text-color\">In einem Vorgespr\u00e4ch erhalten Sie von mir alle Formulare, die Sie f\u00fcr die Kostenerstattung ben\u00f6tigen und ich begleite das Vorgehen Schritt f\u00fcr Schritt.<\/p>\n\n\n\n<p><strong>Finanzierung durch\u00a0das Jugendamt (KJHG-Therapie)<\/strong><\/p>\n\n\n\n<p class=\"has-vivid-cyan-blue-color has-text-color\">Ich verf\u00fcge \u00fcber einen Tr\u00e4gervertrag mit dem Berliner Senat, der mich zur Durchf\u00fchrung und Abrechnung von Psychotherapien im Rahmen des Kinder- und Jugendschutz-Gesetzes berechtigt.<\/p>\n\n\n\n<p class=\"has-vivid-cyan-blue-color has-text-color\">KJHG-Therapien im Rahmen der Jugendhilfe nach SGB VIII (Kinder- und Jugendhilfegesetz) k\u00f6nnen als &#8222;Eingliederungshilfe&#8220; (nach \u00a735a SGB VIII) oder &#8222;Hilfe zur Erziehung&#8220; (nach \u00a727 Abs. 3 SGB VIII) beim zust\u00e4ndigen Jugendamt (Wohnbezirk) beantragt werden. Dabei erfolgt die Feststellung des Therapiebedarfs durch einen der folgenden Fachdienste: Kinder- und Jugendpsychatrischer Dienst (KJPD), Schulpsychologischer Dienst (SchPD) oder Erziehungs- und Familienberatungsstelle (EFB).<\/p>\n\n\n\n<p class=\"has-vivid-cyan-blue-color has-text-color\">Die Kosten werden vom Jugendamt \u00fcbernommen.<\/p>\n\n\n\n<p class=\"has-ast-global-color-0-color has-text-color\">Fragen bez\u00fcglich der Kosten beantworte ich Ihnen gerne auch telefonisch. Nehmen Sie unverbindlich mit mir <a href=\"https:\/\/nolegends.de\/kiju\/kontakt\/\" target=\"_blank\" rel=\"noreferrer noopener\">Kontakt<\/a> auf!\u00a0<\/p>\n\n\n\n<p><strong>Supervision<\/strong><\/p>\n\n\n\n<p class=\"has-vivid-cyan-blue-color has-text-color\"><strong>Was kostet Supervision: <\/strong><\/p>\n\n\n\n<p class=\"has-vivid-cyan-blue-color has-text-color\">Die Deutsche Gesellschaft f\u00fcr Supervision hat&nbsp;<strong>keine Honorarordnung<\/strong>&nbsp;festgesetzt.<\/p>\n\n\n\n<p class=\"has-vivid-cyan-blue-color has-text-color\">In der Regel belaufen sich die Kosten f\u00fcr Supervision auf:<\/p>\n\n\n\n<ul class=\"has-vivid-cyan-blue-color has-text-color wp-block-list\"><li>60 Minuten Einzelsupervision +\/- 140,00 \u20ac zzgl. Umsatzsteuer<\/li><li>90 Minuten Teamsupervision\/Gruppensupervision\/ Fallsupervision&nbsp; +\/- 270,00 \u20ac zzgl. Umsatzsteuer<br><\/li><\/ul>\n\n\n\n<p class=\"has-vivid-cyan-blue-color has-text-color\">F\u00fcr Angebote zu Einzel-, Gruppen- und Teamsupervisionen bitte ich Sie mit mir Kontakt aufzunehmen, da die Preise abh\u00e4ngig sind von Gruppengr\u00f6\u00dfe und evtl. anfallenden Fahrtkosten. Erstgespr\u00e4che sind selbstverst\u00e4ndlich kostenlos.<\/p>\n\n\n\n<p class=\"has-vivid-cyan-blue-color has-text-color\"><strong>Wer bezahlt Supervision:<\/strong><\/p>\n\n\n\n<p class=\"has-vivid-cyan-blue-color has-text-color\">Viele Tr\u00e4ger sozialer Einrichtungen bezahlen die Supervision ihrer Mitarbeiterinnen und Mitarbeiter. F\u00fcr Freiberufler oder Angestellte, deren Arbeitgeber die Kosten nicht \u00fcbernehmen, sind diese in der Regel steuerlich absetzbar.<\/p>\n\n\n\n<p><\/p>\n","protected":false},"excerpt":{"rendered":"<p>Wer \u00fcbernimmt die Kosten einer psychotherapeutischen Behandlung?&nbsp; Als Verhaltenstherapeutin bin ich gesetzlich verpflichtet innerhalb meines therapeutischen Behandlungsangebotes nach der offiziellen Geb\u00fchrenordnung f\u00fcr Psychotherapeuten (GOP) abzurechnen.&nbsp; Privatversicherte \/ Beihilfeberechtigte:&nbsp; Die Beihilfe sowie die \u00fcberwiegende Anzahl der privaten Krankenversicherungstr\u00e4ger erstatten die Kosten f\u00fcr die Diagnostik als auch die psychotherapeutische Behandlung. In der Regel wird nach den probatorischen &hellip;<\/p>\n<p class=\"read-more\"> <a class=\"\" href=\"https:\/\/nolegends.de\/kiju\/kosten\/\"> <span class=\"screen-reader-text\">Kosten<\/span> Weiterlesen &raquo;<\/a><\/p>\n","protected":false},"author":1,"featured_media":0,"parent":0,"menu_order":0,"comment_status":"closed","ping_status":"closed","template":"","meta":{"_monsterinsights_skip_tracking":false,"_monsterinsights_sitenote_active":false,"_monsterinsights_sitenote_note":"","_monsterinsights_sitenote_category":0,"site-sidebar-layout":"right-sidebar","site-content-layout":"default","ast-global-header-display":"","ast-main-header-display":"","ast-hfb-above-header-display":"","ast-hfb-below-header-display":"","ast-hfb-mobile-header-display":"","site-post-title":"","ast-breadcrumbs-content":"","ast-featured-img":"","footer-sml-layout":"","theme-transparent-header-meta":"disabled","adv-header-id-meta":"","stick-header-meta":"","header-above-stick-meta":"","header-main-stick-meta":"","header-below-stick-meta":"","footnotes":""},"class_list":["post-14","page","type-page","status-publish","hentry"],"_links":{"self":[{"href":"https:\/\/nolegends.de\/kiju\/wp-json\/wp\/v2\/pages\/14","targetHints":{"allow":["GET"]}}],"collection":[{"href":"https:\/\/nolegends.de\/kiju\/wp-json\/wp\/v2\/pages"}],"about":[{"href":"https:\/\/nolegends.de\/kiju\/wp-json\/wp\/v2\/types\/page"}],"author":[{"embeddable":true,"href":"https:\/\/nolegends.de\/kiju\/wp-json\/wp\/v2\/users\/1"}],"replies":[{"embeddable":true,"href":"https:\/\/nolegends.de\/kiju\/wp-json\/wp\/v2\/comments?post=14"}],"version-history":[{"count":11,"href":"https:\/\/nolegends.de\/kiju\/wp-json\/wp\/v2\/pages\/14\/revisions"}],"predecessor-version":[{"id":313,"href":"https:\/\/nolegends.de\/kiju\/wp-json\/wp\/v2\/pages\/14\/revisions\/313"}],"wp:attachment":[{"href":"https:\/\/nolegends.de\/kiju\/wp-json\/wp\/v2\/media?parent=14"}],"curies":[{"name":"wp","href":"https:\/\/api.w.org\/{rel}","templated":true}]}}